*g - 265. What is the highest common factor of 10 and o?
10
Suppose -2 = 4*f + 3*x + 18, 4*x - 48 = 4*f. Let z be f*1*4/(-8). Suppose -d + 2 = -2, -208 = -5*w + 3*d. Calculate the greatest common factor of w and z.
4
Let d be (3 + 132/(-20))*-5. Calculate the highest common factor of d and 12.
6
Suppose -5*f - 100 + 380 = 0. Suppose 0 = 4*l - 0*l - f. Calculate the highest common divisor of l and 56.
14
Let y = -2 - -5. Suppose -y*x - 31 - 5 = 0. Let c be (162/x)/((-6)/8). What is the highest common divisor of 72 and c?
18
Let y be 0 - (1 - (-2 - -31)). Suppose y = 3*z - 3*j - 2, -4*j - 8 = 0. Let c be (-2)/(-10) + 837/15. Calculate the highest common divisor of z and c.
8
Suppose -8*g + 273 = 5*g. Calculate the highest common divisor of 63 and g.
21
Let p(k) = -9*k + 1. Let g = 2 - 5. Let z be p(g). What is the highest common factor of 7 and z?
7
Let h = 38 - 22. What is the highest common factor of h and 144?
16
Suppose -4*w + w + 24 = 0. Calculate the greatest common factor of 8 and w.
8
Let z(m) = -m**2 + 6*m - 5. Let i be z(4). Suppose -p + 5*o = i*p - 45, -2*o = -5*p + 69. What is the highest common divisor of 30 and p?
15
Let p(c) = -c + 5. Let r be p(3). Let n(t) = t**3 - 4*t**2 + 4*t - 2. Let i be n(3). Calculate the highest common factor of r and i.
1
Let a = -6 + 8. Suppose a*q - 384 = -q. Let p = 37 + -21. What is the highest common factor of q and p?
16
Let j(h) = h**3 + 5*h**2 - 2. Let q be j(-5). Suppose -11 = 3*r + 4. Let u be 1308/20 - q/r. Calculate the greatest common divisor of u and 26.
13
Let k be 2*((-9)/3 - -4). Let o be k/2*(7 + 53). What is the highest common divisor of o and 12?
12
Suppose 0 = 19*z - 3*z - 320. What is the greatest common divisor of z and 60?
20
Suppose p + 0 = -4*r + 2, 5*r = 3*p - 40. What is the greatest common divisor of p and 50?
10
Suppose 4*w = 2*d - 0 + 2, -d + 14 = 3*w. Let n(x) = x**2 - x + 4. Let j be n(w). Calculate the greatest common factor of 70 and j.
10
Suppose 3*q - f = -4*f + 3, -4*q = -f - 29. Calculate the highest common factor of q and 48.
6
Let n = 13 - 9. What is the highest common factor of 44 and n?
4
Suppose -2*t + 3*t = 1. Suppose 3*a - 8 = -20, -6 = 3*n + 3*a. What is the greatest common divisor of n and t?
1
Suppose -3*r + 20 = -r. Let b(q) = q**2 + 4*q + 13. Let z be b(-10). Let d = z + 37. What is the highest common factor of r and d?
10
Suppose 0*u + u + 5*l = -7, -5*l - 59 = -3*u. Calculate the highest common factor of u and 39.
13
Let s(f) = f**3 + 8*f**2 + 2*f - 7. Let h be s(-3). Let b be 46/6 - 1/(-3). Calculate the greatest common factor of h and b.
8
Suppose 0 = -p + 3*q - 171, 3*q = -0*q. Let d = -86 - p. Let i be 9*(-5)/30*68/(-6). Calculate the greatest common factor of d and i.
17
Let p(j) = -8*j - 32. Let x be p(-23). Calculate the highest common factor of 19 and x.
19
Suppose r - 4 = x, -r + 0*r - 8 = 5*x. What is the highest common factor of r and 2?
2
Suppose -633 = -3*r + 312. What is the greatest common divisor of 35 and r?
35
Suppose 0 = 2*w + 5*w - 672. Calculate the greatest common factor of 12 and w.
12
Let i be (-606)/(-5) - (-4)/(-20). What is the greatest common divisor of i and 11?
11
Let w be 15 + -15 + (19 - 1). Let p = w - 10. What is the highest common factor of p and 8?
8
Let p = 282 + -192. Suppose 324 - 234 = 3*o. Calculate the highest common divisor of p and o.
30
Let z = 292 + -136. Let p = z + -43. Let l = -61 + p. What is the highest common divisor of l and 13?
13
Let l(t) = 4*t + 4. Let p be l(7). Let d = p + -2. Calculate the highest common factor of 20 and d.
10
Let b be 3892/70 - 10/(-25). Suppose -4*k + 2*x - x + 34 = 0, 4*k = -4*x + 24. What is the greatest common factor of b and k?
8
Suppose -k + 2*k - 8 = 0. Let v(l) = 5*l. Let p be v(-4). Let d be ((-8)/p)/((-2)/(-80)). Calculate the greatest common factor of d and k.
8
Let h be ((-77)/(-14))/((-2)/(-44)). Calculate the highest common divisor of h and 11.
11
Let i(y) = -y**3 - 6*y**2 - 5*y + 3. Let d be i(-4). Let j(m) = -m**3 - 8*m**2 + 8*m + 1. Let q be j(d). Calculate the highest common factor of 80 and q.
10
Let l = 12 - -3. Let j(t) = -t**3 + 12*t**2 - 9*t - 5. Let m be j(10). Calculate the highest common divisor of l and m.
15
Let a be (-1925)/(-44) - (-1)/4. Calculate the highest common divisor of a and 11.
11
Let h(w) = w - 2. Let b be h(22). What is the highest common divisor of b and 100?
20
Let b = -5 + 14. Suppose -26 = -5*j - p, 0 = 4*j - 7*j + p + 14. Suppose -j*d + b = -2*d. What is the highest common divisor of d and 15?
3
Let f(u) = -5*u + 44. Let x be f(7). Calculate the greatest common divisor of x and 1.
1
Let p = -92 - -130. What is the highest common divisor of p and 57?
19
Suppose 3*z - 196 - 8 = 0. Let s = 113 - z. Let k(m) = -m**3 - 2*m - 3. Let o be k(-3). Calculate the highest common factor of o and s.
15
Let f(p) = 5*p - 9. Let i = 9 + -3. Let o be f(i). What is the highest common factor of 7 and o?
7
Let w be (-22)/(-8) + 2/8. Let n = -27 + 72. Suppose -4*h = 5*q - 41, 2*q + w*q = -5*h + n. What is the greatest common factor of q and 15?
5
Let m be (39/(-9))/(2/6). Let f be -3 + (2 + -4 - m). Suppose 4 = s - 4*i, 0 = -2*i + 2. What is the highest common divisor of s and f?
8
Let f = 57 - 41. Calculate the greatest common factor of f and 2.
2
Let z = -84 - -254. Let d(y) = 2*y + 7. Let p be d(5). Calculate the highest common divisor of p and z.
17
Let g = -20 + 65. What is the greatest common divisor of 30 and g?
15
Suppose 0 = 5*r - 3*p - 2*p - 580, 2*r - 248 = -2*p. What is the highest common divisor of 24 and r?
24
Suppose g - 9 = -r, 5*r - 29 = -4*g + 8. Suppose -n + 2 = -3*n. Let q = n - -9. Calculate the greatest common factor of q and g.
8
Let c = -7 + 7. Suppose 4*k - 84 = -c*k. Suppose -13 = -2*q + h, q - 3*h = -7 + k. Calculate the highest common factor of q and 25.
5
Let w be -2 - 0 - 5*-4. Let s be 14*(-3)/6*-3. Suppose 3 = -2*p + s. Calculate the greatest common factor of p and w.
9
Suppose 0 = -4*x + 27 - 7. Suppose -4*j + 29 = -51. Suppose -4*k = c - 136, 4*k - 3*c = 132 + j. What is the highest common factor of k and x?
5
Suppose -2*a + 7*a - 65 = 0. Suppose -5*c + 4*d + a = -17, -4*d - 22 = -c. Suppose c*n = 4 - 0. What is the greatest common factor of 6 and n?
2
Let y(c) = -c - 10. Let m be y(-6). Let u(z) = -z**2 - 3*z + 1. Let s be u(-3). Let d be s/m + (-159)/(-12). What is the highest common factor of d and 104?
13
Let q = -4 + 6. Suppose -3*d + 8 = q. Suppose d*p - 17 = 27. Calculate the highest common divisor of 2 and p.
2
Let q = -6 - -10. Let s(k) = k**2 + k - 4. Let r be s(3). Let w be r/6 - 4/(-6). Calculate the greatest common factor of w and q.
2
Let v(n) = -2*n**3 + n. Let r be v(-1). Let f be r - 4 - 2*-3. What is the highest common factor of f and 12?
3
Let k be 0 + 0 + 1 + -1. Suppose 4*m - 19 - 17 = k. Calculate the greatest common divisor of m and 3.
3
Suppose -3*s + 5*a - 11 = 3, 5*s + 5*a - 30 = 0. Let j be (s - 1/1) + 38. Calculate the greatest common factor of j and 26.
13
Suppose -15 - 5 = w. Let d = 47 + w. Calculate the highest common divisor of d and 9.
9
Suppose 4 + 2 = -3*n, 2*u - n = 46. Let z be 38 - -3*20/(-12). Calculate the greatest common factor of z and u.
11
Let u = -29 - -35. What is the highest common divisor of u and 4?
2
Suppose -5*a = -86 - 114. Let h = -4 + 6. Suppose h*i = -0*i + 20. Calculate the greatest common factor of a and i.
10
Suppose 7 - 11 = -4*k. What is the highest common divisor of k and 5?
1
Let n(o) = -o**2 + 11*o + 1. Let q be n(6). Let k = q - 10. What is the highest common factor of k and 7?
7
Let k = -33 + 45. Calculate the greatest common divisor of k and 18.
6
Let k(a) = 2*a**3. Let b be k(1). Let m = -5 - b. Let t be 1*(2 + 1) - m. What is the greatest common factor of t and 30?
10
Let r(n) = -n**2 - 9*n + 2. Suppose -b = -4*b - 27. Let o be r(b). What is the highest common divisor of o and 18?
2
Suppose 2*s - b + 1 = 0, -5*b = -s - 8*b + 10. Let r be 1*-2 + (10 - s). Let g(j) = j - 6. Let a be g(r). Calculate the highest common divisor of 9 and a.
1
Suppose -b + 1 = -1. Let f be (b*-2)/(-1 + 2). Let l be ((-2)/(-3))/(f/(-102)). What is the highest common divisor of 17 and l?
17
Let b be (18/4)/((-9)/(-60)). What is the highest common divisor of 6 and b?
6
Sup